
Calculate the remainder when 124990 is divided by 17.
6
Calculate the remainder when 107112 is divided by 5100.
12
What is the remainder when 5626 is divided by 5608?
18
Calculate the remainder when 4959601 is divided by 11.
9
Calculate the remainder when 7180 is divided by 2391.
7
What is the remainder when 20140 is divided by 138?
130
Calculate the remainder when 261633 is divided by 355.
353
Calculate the remainder when 42836 is divided by 72.
68
Calculate the remainder when 14493 is divided by 24.
21
Calculate the remainder when 244718 is divided by 112.
110
Calculate the remainder when 78384 is divided by 608.
560
Calculate the remainder when 4776884 is divided by 32.
20
Calculate the remainder when 649929 is divided by 631.
630
What is the remainder when 9482 is divided by 934?
142
What is the remainder when 1617 is divided by 29?
22
What is the remainder when 2914 is divided by 88?
10
Calculate the remainder when 188104 is divided by 74.
70
What is the remainder when 18653 is divided by 4657?
25
Calculate the remainder when 12302 is divided by 1365.
17
Calculate the remainder when 50230 is divided by 46.
44
What is the remainder when 17259 is divided by 1981?
1411
What is the remainder when 2539910 is divided by 78?
74
What is the remainder when 18093 is divided by 5986?
135
Calculate the remainder when 15776 is divided by 94.
78
What is the remainder when 9440 is divided by 1035?
125
What is the remainder when 18895 is divided by 225?
220
Calculate the remainder when 572 is divided by 292.
280
What is the remainder when 21909 is divided by 781?
41
Calculate the remainder when 562 is divided by 238.
86
Calculate the remainder when 67953 is divided by 680.
633
What is the remainder when 3911 is divided by 286?
193
What is the remainder when 1138 is divided by 1103?
35
What is the remainder when 8869 is divided by 28?
21
Calculate the remainder when 32117 is divided by 10513.
578
Calculate the remainder when 251295 is divided by 9.
6
What is the remainder when 8169 is divided by 132?
117
What is the remainder when 666 is divided by 212?
30
Calculate the remainder when 10032 is divided by 111.
42
Calculate the remainder when 3006988 is divided by 17.
11
Calculate the remainder when 33553 is divided by 657.
46
What is the remainder when 9709 is divided by 1429?
1135
Calculate the remainder when 1504 is divided by 500.
4
Calculate the remainder when 166001 is divided by 63.
59
What is the remainder when 30743 is divided by 7?
6
What is the remainder when 1102761 is divided by 220551?
6
What is the remainder when 13684 is divided by 2554?
914
Calculate the remainder when 6672 is divided by 186.
162
Calculate the remainder when 7924 is divided by 10.
4
Calculate the remainder when 57217 is divided by 13.
4
What is the remainder when 7465 is divided by 90?
85
What is the remainder when 18214 is divided by 1683?
1384
What is the remainder when 171477 is divided by 20?
17
What is the remainder when 130287 is divided by 56?
31
Calculate the remainder when 55394 is divided by 31.
28
Calculate the remainder when 6721 is divided by 278.
49
Calculate the remainder when 44475 is divided by 796.
695
What is the remainder when 5005 is divided by 108?
37
Calculate the remainder when 8830822 is divided by 12.
10
Calculate the remainder when 42425 is divided by 964.
9
What is the remainder when 7231 is divided by 1794?
55
What is the remainder when 70278 is divided by 17566?
14
What is the remainder when 100485 is divided by 63?
0
What is the remainder when 5515 is divided by 16?
11
Calculate the remainder when 1521 is divided by 419.
264
Calculate the remainder when 94617 is divided by 1113.
12
Calculate the remainder when 1741 is divided by 824.
93
What is the remainder when 57791 is divided by 86?
85
What is the remainder when 1416 is divided by 178?
170
What is the remainder when 212785 is divided by 70919?
28
What is the remainder when 30524 is divided by 744?
20
What is the remainder when 1117 is divided by 88?
61
Calculate the remainder when 1714 is divided by 398.
122
Calculate the remainder when 5925 is divided by 348.
9
What is the remainder when 7920 is divided by 65?
55
Calculate the remainder when 187262 is divided by 118.
114
Calculate the remainder when 1551318 is divided by 39.
15
Calculate the remainder when 10994 is divided by 60.
14
Calculate the remainder when 265805 is divided by 1772.
5
What is the remainder when 4529 is divided by 205?
19
What is the remainder when 6104 is divided by 6037?
67
Calculate the remainder when 2434884 is divided by 304360.
4
What is the remainder when 10271 is divided by 614?
447
What is the remainder when 350657 is divided by 116864?
65
Calculate the remainder when 56860 is divided by 90.
70
What is the remainder when 34985 is divided by 48?
41
What is the remainder when 4023 is divided by 40?
23
What is the remainder when 10064 is divided by 1254?
32
Calculate the remainder when 11141 is divided by 969.
482
What is the remainder when 1955 is divided by 276?
23
Calculate the remainder when 8229 is divided by 826.
795
What is the remainder when 28579 is divided by 178?
99
What is the remainder when 4534 is divided by 18?
16
Calculate the remainder when 15353 is divided by 1917.
17
Calculate the remainder when 10963 is divided by 26.
17
What is the remainder when 6907 is divided by 345?
7
Calculate the remainder when 12953 is divided by 863.
8
What is the remainder when 8270 is divided by 522?
440
Calculate the remainder when 60620 is divided by 207.
176
What is the remainder when 318007 is divided by 413?
410
Calculate the remainder when 270081 is divided by 14.
7
What is the remainder when 76255 is divided by 76251?
4
What is the remainder when 6964 is divided by 81?
79
What is the remainder when 28548 is divided by 228?
48
What is the remainder when 7344 is divided by 1219?
30
Calculate the remainder when 351823 is divided by 4.
3
Calculate the remainder when 106450 is divided by 35481.
7
What is the remainder when 5278 is divided by 176?
174
Calculate the remainder when 14117 is divided by 2814.
47
What is the remainder when 3475 is divided by 1140?
55
What is the remainder when 10281 is divided by 10221?
60
What is the remainder when 7331 is divided by 26?
25
Calculate the remainder when 1778 is divided by 507.
257
What is the remainder when 7012 is divided by 10?
2
Calculate the remainder when 17076 is divided by 885.
261
Calculate the remainder when 17141 is divided by 31.
29
Calculate the remainder when 3777 is divided by 43.
36
What is the remainder when 119675 is divided by 893?
13
What is the remainder when 3582965 is divided by 1973?
1970
What is the remainder when 100 is divided by 33?
1
What is the remainder when 4189 is divided by 1044?
13
What is the remainder when 22020 is divided by 283?
229
Calculate the remainder when 5634 is divided by 34.
24
What is the remainder when 27084 is divided by 457?
121
Calculate the remainder when 65201 is divided by 9310.
31
Calculate the remainder when 42333 is divided by 10575.
33
Calculate the remainder when 9429 is divided by 3142.
3
Calculate the remainder when 18815 is divided by 34.
13
What is the remainder when 53989 is divided by 68?
65
What is the remainder when 1035601 is divided by 382?
381
Calculate the remainder when 45735 is divided by 360.
15
Calculate the remainder when 1910 is divided by 636.
2
Calculate the remainder when 2511 is divided by 421.
406
What is the remainder when 3319 is divided by 14?
1
Calculate the remainder when 1525 is divided by 228.
157
What is the remainder when 43404 is divided by 434?
4
What is the remainder when 699051 is divided by 37?
10
Calculate the remainder when 2934 is divided by 548.
194
Calculate the remainder when 1937847 is divided by 22.
21
What is the remainder when 6674 is divided by 831?
26
Calculate the remainder when 242284 is divided by 33.
31
Calculate the remainder when 4744478 is divided by 160.
158
Calculate the remainder when 813055 is divided by 64.
63
What is the remainder when 554582 is divided by 383?
381
Calculate the remainder when 80349 is divided by 52.
9
Calculate the remainder when 792 is divided by 135.
117
Calculate the remainder when 427218 is divided by 9.
6
Calculate the r